{"id":82,"date":"2015-05-21T14:47:28","date_gmt":"2015-05-21T12:47:28","guid":{"rendered":"http:\/\/rv-kirrlach.com\/?page_id=82"},"modified":"2026-02-08T19:21:07","modified_gmt":"2026-02-08T18:21:07","slug":"vereinsheim","status":"publish","type":"page","link":"https:\/\/awerner.org\/?page_id=82","title":{"rendered":"Vereinsheim"},"content":{"rendered":"<p>Unser Vereinsheim k\u00f6nnen Sie f\u00fcr Ihre Veranstaltung mieten &#8211; Siehe \u00a0unten im Kalender die aktuellen Termin-Belegung.<\/p>\n<p>Senden Sie uns daf\u00fcr eine E-Mail an die Adresse <strong>rv-1898-kirrlach-vereinsheim@mail.de<\/strong> mit ihrem vollst\u00e4ndigen <strong>Vorname<\/strong>, <strong>Nachnamen<\/strong> und <strong>Telefon-Nummmer<\/strong>, dem <strong>Anlass<\/strong> f\u00fcr den sie unser Vereinsheim mieten m\u00f6chten und das <strong>Mietdatum<\/strong>. Wir freuen uns \u00fcber ihre Anfrage und melden uns sobald wie m\u00f6glich.<\/p>\n<p>F\u00fcr <strong>Nichtmitglieder<\/strong>, ist eine Vermietung unseres Vereinsheims f\u00fcr Feierlichkeiten von <strong>Mai bis September<\/strong> grunds\u00e4tzlich nicht m\u00f6glich.<\/p>\n<p><iframe loading=\"lazy\" style=\"border: 0;\" src=\"https:\/\/www.google.com\/maps\/embed?pb=!1m18!1m12!1m3!1d2604.7355368972358!2d8.558385915873165!3d49.243503081466606!2m3!1f0!2f0!3f0!3m2!1i1024!2i768!4f13.1!3m3!1m2!1s0x4797bb02fbcfbad3%3A0x234f47453f2961a7!2sSt.Leoner+Str.+68%2C+68753+Wagh%C3%A4usel!5e0!3m2!1sde!2sde!4v1548609705144\" width=\"600\" height=\"450\" frameborder=\"0\" allowfullscreen=\"allowfullscreen\"><\/iframe><\/p>\n\n\n<iframe loading=\"lazy\" src=\"https:\/\/calendar.google.com\/calendar\/embed?src=rv-1898-kirrlach-vereinsheim%40mail.de&#038;ctz=Europe%2FBerlin\" style=\"border: 0\" width=\"800\" height=\"600\" frameborder=\"0\" scrolling=\"no\"><\/iframe>\n\n\n\n<p><\/p>\n","protected":false},"excerpt":{"rendered":"<p>Unser Vereinsheim k\u00f6nnen Sie f\u00fcr Ihre Veranstaltung mieten &#8211; Siehe \u00a0unten im Kalender die aktuellen Termin-Belegung. Senden Sie uns daf\u00fcr eine E-Mail an die Adresse rv-1898-kirrlach-vereinsheim@mail.de mit ihrem vollst\u00e4ndigen Vorname, Nachnamen und Telefon-Nummmer, dem Anlass f\u00fcr den sie unser Vereinsheim mieten m\u00f6chten und das Mietdatum. Wir freuen uns \u00fcber ihre Anfrage und melden uns sobald &hellip; <\/p>\n<p><a class=\"more-link btn\" href=\"https:\/\/awerner.org\/?page_id=82\">Weiterlesen<\/a><\/p>\n","protected":false},"author":1,"featured_media":0,"parent":0,"menu_order":0,"comment_status":"closed","ping_status":"open","template":"template-onecolumn.php","meta":{"footnotes":"","_links_to":"","_links_to_target":""},"class_list":["post-82","page","type-page","status-publish","hentry","nodate","item-wrap"],"_links":{"self":[{"href":"https:\/\/awerner.org\/index.php?rest_route=\/wp\/v2\/pages\/82","targetHints":{"allow":["GET"]}}],"collection":[{"href":"https:\/\/awerner.org\/index.php?rest_route=\/wp\/v2\/pages"}],"about":[{"href":"https:\/\/awerner.org\/index.php?rest_route=\/wp\/v2\/types\/page"}],"author":[{"embeddable":true,"href":"https:\/\/awerner.org\/index.php?rest_route=\/wp\/v2\/users\/1"}],"replies":[{"embeddable":true,"href":"https:\/\/awerner.org\/index.php?rest_route=%2Fwp%2Fv2%2Fcomments&post=82"}],"version-history":[{"count":16,"href":"https:\/\/awerner.org\/index.php?rest_route=\/wp\/v2\/pages\/82\/revisions"}],"predecessor-version":[{"id":2906,"href":"https:\/\/awerner.org\/index.php?rest_route=\/wp\/v2\/pages\/82\/revisions\/2906"}],"wp:attachment":[{"href":"https:\/\/awerner.org\/index.php?rest_route=%2Fwp%2Fv2%2Fmedia&parent=82"}],"curies":[{"name":"wp","href":"https:\/\/api.w.org\/{rel}","templated":true}]}}